ors of i.
2
What are the prime factors of (-106)/(-4)*(-6)/(-3)?
53
Suppose -5*x = -373 - 102. List the prime factors of x.
5, 19
Let s(r) = r**2 + 7*r - 5. Let h be (24/3)/(3 + -4). Let b be s(h). Suppose -33 = -b*a + 2*a - 4*i, 3*i = -4*a + 80. List the prime factors of a.
17
Let w = -87 + 275. Suppose 5*o - w = o. List the prime factors of o.
47
Suppose 111 = 4*m - 2*m + 3*v, -3*v = -2*m + 105. List the prime factors of m.
2, 3
Suppose 0 = -5*x + 2*c + c + 14, 3*x - 22 = -5*c. List the prime factors of 2/x*322/7.
23
Let p(d) be the second derivative of d**3/6 + 5*d**2/2 - d. List the prime factors of p(7).
2, 3
Suppose -9 = 2*x + 4*q - 1, 0 = 2*q + 8. Suppose -x*d + 4 = -12. Suppose -j + d = j. What are the prime factors of j?
2
Suppose 0 = -3*q + 2*q + 57. What are the prime factors of q?
3, 19
Let k = 7 + -1. What are the prime factors of k?
2, 3
Let w(r) = -r**2 + 9*r - 3. What are the prime factors of w(7)?
11
Let t = 8 + -3. Suppose 0 = -t*f + 9 + 21. List the prime factors of f.
2, 3
Let t(f) be the second derivative of f**5/60 + 2*f**3/3 + f**2 + f. Let y(k) be the first derivative of t(k). What are the prime factors of y(3)?
13
Let g(r) = r - 2. Let l be g(7). Suppose -5*y - 84 = -l*x + 66, 0 = -3*x - 4*y + 76. List the prime factors of x.
2, 7
Suppose -835 = -5*z + 4*c, 2*z - 840 = -3*z + 5*c. What are the prime factors of z?
163
What are the prime factors of (-6 - -3)/(-2 - (-1044)/524)?
3, 131
Let i = 155 - 33. List the prime factors of i.
2, 61
Let g = 138 - 48. Let m be (-3)/6 - g/(-4). Let v = m - 9. List the prime factors of v.
13
Let q(n) = -19*n + 21. List the prime factors of q(-5).
2, 29
Suppose -39 = -3*k + 3. List the prime factors of (k/(-4))/((-3)/12).
2, 7
Let c = 75 + 3. What are the prime factors of c?
2, 3, 13
Let r be 92/22 - 4/22. Suppose -3*k = -2*h - 58, r*k + 5*h - 80 = -k. What are the prime factors of k?
2, 3
Let g be (6/10)/((-2)/(-30)). Let r be 16/g + 6/27. What are the prime factors of (-21)/(-3) - (-5 + r)?
2, 5
Let w be ((-5)/(-15))/((-1)/(-9)). Suppose w = -2*g - 35. Let b = -4 - g. What are the prime factors of b?
3, 5
Let r be -3 - -2*1/(-2). Let o = r + 9. Suppose -2*k + 3*u = -3*k + 9, o*k = -u + 17. List the prime factors of k.
3
Let j = 14 - 12. What are the prime factors of j?
2
Suppose -5*t - 2*p = 5, 5*p - 13 = -5*t + t. Suppose 5*b = 5*n + 55, b - 31 + 0 = 5*n. List the prime factors of (-5)/(-2) + t/b.
2
What are the prime factors of 1/((-2)/(-70)) + 1?
2, 3
Let m(l) = 5*l. Let z be m(-1). Let k(x) = x + 2. Let n be k(7). Let d = n + z. What are the prime factors of d?
2
Suppose -n + 28 = 2*w, 0*w = 5*w. List the prime factors of n.
2, 7
Let d(u) = -u - 1. Let p be d(-7). Let r = p - 1. What are the prime factors of r*(1 - (-2 + 1))?
2, 5
Suppose -l + 5 + 26 = 0. Let t = l + -18. List the prime factors of t.
13
Suppose -3*w - 18 = -j - 50, 0 = -2*w + j + 20. Suppose -2*q = -6*q + w. What are the prime factors of ((-2)/q)/(4/(-36))?
2, 3
Suppose -25 = -2*b - 65. Let q = 51 + b. What are the prime factors of q?
31
Let u(r) = 9*r**2 - 1. Let m be u(-1). Suppose -2*b = -4*o + m, -3*o = -6*o - 3*b - 12. Suppose o = -p - 4 + 15. What are the prime factors of p?
11
Let z(s) = -s**2 + 7*s - 11. Let y be z(10). Let i = y - -62. What are the prime factors of i?
3, 7
Let m(j) = 3*j - 6. Let f(t) = 4*t - 7. Let p(i) = -5*f(i) + 6*m(i). What are the prime factors of p(-6)?
11
Suppose -i - 183 = -5*j + 103, 0 = j - 5*i - 38. List the prime factors of j.
2, 29
Let d be 24/(-5)*(-5 - 0). Let r = d + -7. Suppose -4*x - 5*a = -r, a - 35 = -4*x + 2*a. What are the prime factors of x?
2
Let t = 19 + -10. Suppose l = -j + t, 4*j - 10 = -3*l + 22. Let h = j - -2. What are the prime factors of h?
7
Let h = 40 + 5. List the prime factors of (-10)/3*h/(-25).
2, 3
Suppose 4*u = -u + 3*d + 70, 4*u + 4*d - 56 = 0. What are the prime factors of u?
2, 7
Let h(r) = -r**2 - 17*r - 14. Let c be h(-16). Suppose -4*t - 3*k + 177 = -0*k, c*t + 2*k = 88. List the prime factors of t.
3, 5
Let h(j) = -3*j**3 - j**2 - j. Let b be h(-1). List the prime factors of b*13 - (-6 + 3).
2, 3, 7
Let i be (-2)/6*7*-3. Let p = -5 + i. List the prime factors of p/(6/21) - -2.
3
Let m(y) = y**2 - 4*y + 5. Let w(c) = 2*c**2 - 2*c + 1. Let l be w(2). What are the prime factors of m(l)?
2, 5
Suppose -p - p = -56. List the prime factors of p.
2, 7
Suppose 7*r - 41 - 43 = 0. List the prime factors of r.
2, 3
What are the prime factors of (-30)/70 - 2193/(-21)?
2, 13
Let u = -219 + 338. What are the prime factors of u?
7, 17
Let z(f) = 4*f**2 - 2*f + 3. Let q be z(2). Suppose 3*n - 132 = -3*u, 0 = 2*u + 3*n + q - 101. List the prime factors of (-8)/(-12) - u/(-3).
2
Let t(b) = 2*b**3 - 3*b**3 + 4*b - 3*b + 25. Let s be t(0). Suppose 6*m = i + 2*m + 6, 0 = 5*m - s. List the prime factors of i.
2, 7
Let f(o) = o**3 + 8*o**2 + 3*o - 10. Let x be f(-7). Suppose -5*i + 42 = -x. What are the prime factors of i?
2, 3
Let h be 16 + -2 + (1 - -3). Suppose 42 = 4*n - h. List the prime factors of n.
3, 5
Suppose -3*g - 15 = 4*k, 3*k + g + 2 + 3 = 0. Suppose -8 = -x - k*x. Suppose 2*i - 8 = x. List the prime factors of i.
2
Let f = -1 + -5. Let g(k) = -k**2 - k + 3. Let u be g(f). List the prime factors of (-6)/u - 122/(-18).
7
Suppose 3*x + 2*x = -40. Let w be 75/12 - (-2)/x. Let h = 15 - w. List the prime factors of h.
3
Let v be 4/(-1) - (-21 + 12). Suppose -3 + 193 = v*g. What are the prime factors of g?
2, 19
Let z = 3 - 2. Let q(r) be the third derivative of r**6/15 + r**5/60 - r**4/24 + r**3/6 - 8*r**2. What are the prime factors of q(z)?
3
Let o = 2 - -2. Let y be (-1)/o - (-46)/(-8). What are the prime factors of 14/(-21) - 64/y?
2, 5
List the prime factors of -60*((-3)/15 - 3).
2, 3
Suppose 27 = 2*x - 63. What are the prime factors of x?
3, 5
Suppose -4*v = -5 - 3. Let p be -1*1 - (-49 + v). Let h = p + -33. List the prime factors of h.
13
Let h be ((-36)/42)/(1/7). Let v = 24 + h. List the prime factors of v.
2, 3
Let d(m) = -5*m**3 + m**2 + m + 2. What are the prime factors of d(-2)?
2, 11
What are the prime factors of 2 + 4 + -8 + -1 + 193?
2, 5, 19
What are the prime factors of (-28)/42*(-483)/2?
7, 23
Let v = -274 - -447. List the prime factors of v.
173
Let a be 2/(-12) - 625/(-6). Suppose -3*u - 3*z + 144 = 0, -u = u + 4*z - a. List the prime factors of u.
2, 11
Let u(r) = 143*r - 9. List the prime factors of u(2).
277
Suppose k + 1 - 10 = h, 5*k + h - 15 = 0. What are the prime factors of k?
2
Let m = -2 - -5. Suppose -t = m*t - 88. Suppose 0 = -4*h + 2*j + t, 0*j = -5*h + 2*j + 28. What are the prime factors of h?
2, 3
Suppose k + k = -2*n - 20, 0 = -5*k + 5*n - 10. Let x be ((-7)/1)/(-5 - k). Let j = -1 - x. What are the prime factors of j?
2, 3
Suppose -5*u + h = -14, -3*u = -4*h - 6 + 1. Suppose u*m - 123 + 45 = -3*i, -i - 100 = -5*m. Let f = m - 15. What are the prime factors of f?
2, 3
Suppose -2*i + 5*d = -108, -2*i - i - d = -196. What are the prime factors of i?
2
Suppose 0 = -k + 5, -2*p = -p - 5*k - 146. Suppose -5*f + p = -49. List the prime factors of f.
2, 11
Let j be 2/6*0 + 22. Suppose 0 = -3*t - 3*c - c - 23, 4*t + 48 = -c. Let g = j + t. List the prime factors of g.
3
Let r(n) = n**2 - n + 40. Let q be r(0). Let x = 94 - q. List the prime factors of x.
2, 3
Let z(d) = -3*d**3 - 3*d**2 - 3*d - 1. Let u be z(-2). Let p = u - 1. List the prime factors of p.
2
Suppose 3 = -4*v + 15. Suppose 0*c + 12 = -v*c. List the prime factors of ((-6)/(-9))/(c/(-54)).
3
Let g(y) = y**3 + 3*y**2 - y + 2. Let o be -4*(10/4 + -2). List the prime factors of g(o).
2
List the prime factors of (-12)/42 - ((-5580)/28 - 2).
3, 67
Suppose -14 = -5*n + 11. Let f(j) = -j**2 + 4*j - 2. Let k be f(4). Let v = k + n. List the prime factors of v.
3
What are the prime factors of 651/2 + 7/(-14)?
5, 13
Suppose -2*m = -0*m - 4*v + 6, v - 29 = -5*m. Suppose -m*x = -x - 12. List the prime factors of -1 + 3 + (x - -1).
2, 3
Let t be ((-4)/(-5))/((-2)/(-25)). Suppose 8*v - 3*v = -t. List the prime factors of v/(-3) + (-21)/(-9).
3
Let o(a) be the first derivative of a**2/2 + a + 2. Let u = -19 + 25. List the prime factors of o(u).
7
Let q = 15 + 18. What are the prime factors of q?
3, 11
Let p = -3 - -15. What are the prime factors of p?
2, 3
Suppose 3*a - 8